{"id":725,"date":"2026-07-27T13:43:23","date_gmt":"2026-07-27T13:43:23","guid":{"rendered":"https:\/\/holding.wackler.dev.lichtblick.io\/?page_id=725"},"modified":"2026-07-28T14:31:38","modified_gmt":"2026-07-28T14:31:38","slug":"avento-weitergabe-von-bewerberdaten-an-kunden","status":"publish","type":"page","link":"https:\/\/www.wackler-group.de\/holding\/hinweispflichten\/avento-weitergabe-von-bewerberdaten-an-kunden\/","title":{"rendered":"Weitergabe von Kandidaten-\/Bewerberdaten (Klardaten) an Kunden f\u00fcr Personalvermittlung und\/oder Arbeitnehmer\u00fcberlassung"},"content":{"rendered":"\n<section style=\"padding-bottom:var(--wp--preset--spacing--48-48)\" class=\"wp-block-lb-section-text-gutenberg\">\n    <div class=\"container\">\n        <div class=\"section__body\">\n            \n\n<h1 class=\"wp-block-heading\">Avento Personal GmbH &#8211; Weitergabe von Kandidaten-\/Bewerberdaten (Klardaten) an Kunden f\u00fcr Personalvermittlung und\/oder Arbeitnehmer\u00fcberlassung<\/h1>\n\n\n\n<p class=\"has-subline-m-font-size wp-block-paragraph\">Hinweispflicht nach Art. 13 \/ 14 der EU-DSGVO<\/p>\n\n        <\/div>\n    <\/div>\n<\/section>\n\n\n\n<section style=\"padding-top:var(--wp--preset--spacing--32-32);padding-bottom:var(--wp--preset--spacing--32-32)\" class=\"wp-block-lb-section-text-gutenberg\">\n    <div class=\"container\">\n        <div class=\"section__body\">\n            \n\n<h2 class=\"wp-block-heading\">Angaben zum Verantwortlichen<\/h2>\n\n\n\n<p class=\"wp-block-paragraph\"><strong>Verantwortlicher gem\u00e4\u00df Artikel 4 Abs. 7 EU-DSGVO<\/strong><\/p>\n\n\n\n<p class=\"wp-block-paragraph\">Avento Personal GmbH, Chemnitzer Stra\u00dfe 36, 09247 Chemnitz<\/p>\n\n\n\n<p class=\"wp-block-paragraph\"><strong>Datenschutzbeauftragter<\/strong><\/p>\n\n\n\n<p class=\"wp-block-paragraph\">Mirko Tasch, 08142-420 50 10,&nbsp;<a href=\"https:\/\/www.wackler-group.de\/hinweispflichten\/kommunikation-mit-interessenten-\/-kunden\/#\" target=\"_blank\" rel=\"noreferrer noopener\">datenschutz(@)wackler-group(.)de<\/a><\/p>\n\n        <\/div>\n    <\/div>\n<\/section>\n\n\n\n<section style=\"padding-top:var(--wp--preset--spacing--32-32);padding-bottom:var(--wp--preset--spacing--32-32)\" class=\"wp-block-lb-section-text-gutenberg\">\n    <div class=\"container\">\n        <div class=\"section__body\">\n            \n\n<h2 class=\"wp-block-heading\"><strong>Zweck und Rechtsgrundlage<\/strong><\/h2>\n\n\n\n<p class=\"wp-block-paragraph\"><strong>Zweck der Verarbeitung<\/strong><br>Wir geben Ihre in unserem Bewerbermanagementsystem (talent360) gespeicherten Bewerbungs- und Profildaten nicht anonymisiert (mit Klarnamen) an ausgew\u00e4hlte Kundenunternehmen weiter, wenn dies zur Personalvermittlung und\/oder Arbeitnehmer\u00fcberlassung erforderlich ist.<br>Zweck der Weitergabe ist insbesondere:<\/p>\n\n\n\n<ul style=\"margin-bottom:var(--wp--preset--spacing--0)\" class=\"wp-block-list\">\n<li>Pr\u00fcfung Ihrer Eignung f\u00fcr eine konkrete Position bzw. einen konkreten Einsatz beim Kunden,<\/li>\n\n\n\n<li>Durchf\u00fchrung des Auswahlprozesses (z. B. R\u00fcckfragen, Interviews, Abstimmung von Rahmenbedingungen),<\/li>\n\n\n\n<li>Vorbereitung einer Vermittlung oder eines Einsatzes (Einsatzplanung, Vertragsvorbereitung).<\/li>\n<\/ul>\n\n\n\n<p class=\"wp-block-paragraph\">Die Weitergabe erfolgt nur im erforderlichen Umfang (Datenminimierung).<\/p>\n\n\n\n<p class=\"wp-block-paragraph\"><strong>Rechtsgrundlage der Verarbeitung<\/strong><\/p>\n\n\n\n<ul class=\"wp-block-list\">\n<li>1) Weitergabe zur Durchf\u00fchrung vorvertraglicher Ma\u00dfnahmen \/ Auswahlprozess\n<ul class=\"wp-block-list\">\n<li>Art. 6 Abs. 1 lit. b EU-DSGVO (vorvertragliche Ma\u00dfnahmen) i. V. m. \u00a7 26 Abs. 1 BDSG (Bewerbungsverfahren\/Besch\u00e4ftigungskontext),\u2028soweit die Weitergabe notwendig ist, um eine Vermittlung oder einen Einsatz (AN\u00dc) anzubahnen und den Auswahlprozess mit dem Kunden zu erm\u00f6glichen.<\/li>\n<\/ul>\n<\/li>\n\n\n\n<li>2) Einwilligung (Profilfreigabe), soweit erforderlich oder von uns als Standard genutzt\n<ul class=\"wp-block-list\">\n<li>Art. 6 Abs. 1 lit. a EU-DSGVO (Einwilligung), insbesondere wenn\n<ul class=\"wp-block-list\">\n<li>eine Weitergabe \u00fcber den unmittelbar erforderlichen Kreis hinaus erfolgt,<\/li>\n\n\n\n<li>Unterlagen\/Informationen \u00fcbermittelt werden sollen, die \u00fcber das Erforderliche hinausgehen, oder<\/li>\n\n\n\n<li>Sie der Weitergabe Ihres Profils an einen konkreten Kunden ausdr\u00fccklich zustimmen (\u201eProfilfreigabe\u201c).<\/li>\n<\/ul>\n<\/li>\n<\/ul>\n<\/li>\n\n\n\n<li>Widerruf: Eine Einwilligung kann jederzeit mit Wirkung f\u00fcr die Zukunft widerrufen werden.<\/li>\n<\/ul>\n\n\n\n<p class=\"wp-block-paragraph\"><strong>Herkunft der Daten<\/strong><br>Erhoben beim Betroffenen bzw. Einspielung aus anderen Bewerbungssystemen (z.B. Indeed), wo sich der Betroffene auf eine Anzeige des Verantwortlichen beworben hat.<\/p>\n\n        <\/div>\n    <\/div>\n<\/section>\n\n\n\n<section style=\"padding-top:var(--wp--preset--spacing--32-32);padding-bottom:var(--wp--preset--spacing--32-32)\" class=\"wp-block-lb-section-text-gutenberg\">\n    <div class=\"container\">\n        <div class=\"section__body\">\n            \n\n<h2 class=\"wp-block-heading\">Datenkategorien, betroffene Personengruppen, Empf\u00e4nger, Auslandstransfer<\/h2>\n\n\n\n<p class=\"wp-block-paragraph\"><strong>Datenkategorien<\/strong><\/p>\n\n\n\n<ul style=\"margin-bottom:var(--wp--preset--spacing--0)\" class=\"wp-block-list\">\n<li>Identifikations- und Kontaktdaten:&nbsp;Name, E-Mail, Telefonnummer, ggf. Wohnort\/Region (Adresse nur, wenn erforderlich)<\/li>\n\n\n\n<li>Bewerbungsunterlagen:&nbsp;Lebenslauf, Anschreiben, Zeugnisse, Zertifikate, Qualifikationen<\/li>\n\n\n\n<li>Profildaten:&nbsp;Berufserfahrung, Skills, Einsatzw\u00fcnsche, Verf\u00fcgbarkeit, Eintrittstermin, Rahmenbedingungen<\/li>\n\n\n\n<li>Konditionen:&nbsp;Einsatzdauer, Arbeitszeitmodelle<\/li>\n\n\n\n<li>Prozessdaten:&nbsp;Interviewtermine, ggf. Gespr\u00e4chsergebnisse\/Notizen&nbsp;nur, soweit f\u00fcr den Auswahlprozess erforderlich<\/li>\n<\/ul>\n\n\n\n<p class=\"wp-block-paragraph\">Wir achten darauf, keine f\u00fcr die Entscheidung nicht erforderlichen Informationen zu \u00fcbermitteln.<\/p>\n\n\n\n<p class=\"wp-block-paragraph\"><strong>Betroffene Personengruppen<\/strong><br>Kandidaten \/ Bewerber \/ Mitarbeiter<\/p>\n\n\n\n<p class=\"wp-block-paragraph\"><strong>Empf\u00e4nger von Daten<\/strong><br>Empf\u00e4nger sind Kundenunternehmen, bei denen eine Vermittlung oder ein Einsatz erfolgen soll, sowie die Wackler Holding SE als Dienstleister (talent360) f\u00fcr den Verantwortlichen.<br>Auf Anfrage teilen wir Ihnen gerne mit, an welche konkreten Kunden Ihre Daten \u00fcbermittelt wurden.<br>Wichtig:&nbsp;Das jeweilige Kundenunternehmen verarbeitet Ihre Daten als eigenst\u00e4ndig Verantwortlicher (Art. 4 Nr. 7 EU-DSGVO) im Rahmen seines eigenen Auswahlprozesses.<\/p>\n\n\n\n<p class=\"wp-block-paragraph\"><strong>Auslandstransfer<\/strong><br>Es findet in der Regel kein Transfer von Daten au\u00dferhalb&nbsp;der EU statt. Ggf. werden SaaS- \/ Cloud-L\u00f6sungen von&nbsp;US-Dienstleistern beim Verantwortlichen eingesetzt.<br>Mit diesen Dienstleistern bestehen entsprechende&nbsp;vertragliche Regelungen wie die EU-Standard-Vertragsklauseln.<\/p>\n\n        <\/div>\n    <\/div>\n<\/section>\n\n\n\n<section style=\"padding-top:var(--wp--preset--spacing--32-32)\" class=\"wp-block-lb-section-text-gutenberg\">\n    <div class=\"container\">\n        <div class=\"section__body\">\n            \n\n<h2 class=\"wp-block-heading\">Zus\u00e4tzliche Informationen<\/h2>\n\n\n\n<p class=\"wp-block-paragraph\"><strong>Dauer der Speicherung<\/strong><br>Wir speichern Ihre Daten in talent360:<\/p>\n\n\n\n<ul style=\"margin-bottom:var(--wp--preset--spacing--0)\" class=\"wp-block-list\">\n<li>f\u00fcr die Dauer des Auswahlprozesses und<\/li>\n\n\n\n<li>nach Abschluss grunds\u00e4tzlich bis zu&nbsp;6 Monate&nbsp;(insbesondere Nachweis-\/Verteidigungszwecke, z. B. AGG), sofern keine l\u00e4ngere Speicherung erforderlich ist oder Sie einer l\u00e4ngeren Speicherung (z. B. Talentpool) eingewilligt haben.<\/li>\n\n\n\n<li>Speicherung von Mitarbeiterdaten erfolgt so lange ein Arbeitsverh\u00e4ltnis besteht.<\/li>\n<\/ul>\n\n\n\n<p class=\"wp-block-paragraph\">Beim Kunden:<br>F\u00fcr die Speicherdauer beim Kunden ist das jeweilige Kundenunternehmen verantwortlich. Sie k\u00f6nnen Ihre Rechte auch direkt beim Kunden geltend machen.<\/p>\n\n\n\n<p class=\"wp-block-paragraph\"><strong>Recht auf Auskunft, Berichtigung, L\u00f6schung, Einschr\u00e4nkung, Daten\u00fcbertragbarkeit<\/strong><br>Sie haben jederzeit das Recht Ihre Betroffenenrechte gegen\u00fcber dem Verantwortlichen wahrzunehmen.<\/p>\n\n\n\n<p class=\"wp-block-paragraph\"><strong>Recht auf Widerspruch \/ Widerruf<\/strong><br>Sie k\u00f6nnen jederzeit der Verarbeitung Ihrer Daten widersprechen bzw. bei einer Einwilligung diese widerrufen. Bitte senden Sie eine E-Mail an: datenschutz@wackler-group.de<\/p>\n\n\n\n<p class=\"wp-block-paragraph\"><strong>Beschwerde bei einer Aufsichtsbeh\u00f6rde<\/strong><br>Sie haben jederzeit das Recht eine Beschwerde bei einer Aufsichtsbeh\u00f6rde f\u00fcr den Datenschutz einzureichen.<\/p>\n\n\n\n<p class=\"wp-block-paragraph\"><strong>M\u00f6gliche Folgen der Nicht-Bereitstellung der Daten.<\/strong><br>Das Zustandekommen des Vertrages steht unter der aufschiebenden Bedingung der Bereitstellung der personenbezogenen Daten f\u00fcr die Durchf\u00fchrung des Vertrages.<\/p>\n\n\n\n<p class=\"wp-block-paragraph\"><strong>Bestehen einer automatisierten Entscheidungsfindung, einschlie\u00dflich Profiling gem\u00e4\u00df Art. 22 Abs. 1, 4:<\/strong><br>Es findet keine ausschlie\u00dflich automatisierte Entschei-dungsfindung im Sinne des Art. 22 EU-DSGVO statt. Entscheidungen werden durch Personen getroffen.<\/p>\n\n        <\/div>\n    <\/div>\n<\/section>\n","protected":false},"excerpt":{"rendered":"","protected":false},"author":1,"featured_media":0,"parent":457,"menu_order":0,"comment_status":"closed","ping_status":"closed","template":"template-privacy","meta":{"_acf_changed":false,"footnotes":""},"class_list":["post-725","page","type-page","status-publish","hentry"],"acf":[],"ase":null,"_links":{"self":[{"href":"https:\/\/www.wackler-group.de\/holding\/wp-json\/wp\/v2\/pages\/725","targetHints":{"allow":["GET"]}}],"collection":[{"href":"https:\/\/www.wackler-group.de\/holding\/wp-json\/wp\/v2\/pages"}],"about":[{"href":"https:\/\/www.wackler-group.de\/holding\/wp-json\/wp\/v2\/types\/page"}],"author":[{"embeddable":true,"href":"https:\/\/www.wackler-group.de\/holding\/wp-json\/wp\/v2\/users\/1"}],"replies":[{"embeddable":true,"href":"https:\/\/www.wackler-group.de\/holding\/wp-json\/wp\/v2\/comments?post=725"}],"version-history":[{"count":0,"href":"https:\/\/www.wackler-group.de\/holding\/wp-json\/wp\/v2\/pages\/725\/revisions"}],"up":[{"embeddable":true,"href":"https:\/\/www.wackler-group.de\/holding\/wp-json\/wp\/v2\/pages\/457"}],"wp:attachment":[{"href":"https:\/\/www.wackler-group.de\/holding\/wp-json\/wp\/v2\/media?parent=725"}],"curies":[{"name":"wp","href":"https:\/\/api.w.org\/{rel}","templated":true}]}}

Weitergabe von Kandidaten-/Bewerberdaten (Klardaten) an Kunden für Personalvermittlung und/oder Arbeitnehmerüberlassung

<section style="padding-bottom:var(--wp--preset--spacing--48-48)" class="wp-block-lb-section-text-gutenberg">
    <div class="container">
        <div class="section__body">
            

<h1 class="wp-block-heading">Avento Personal GmbH &#8211; Weitergabe von Kandidaten-/Bewerberdaten (Klardaten) an Kunden für Personalvermittlung und/oder Arbeitnehmerüberlassung</h1>



<p class="has-subline-m-font-size wp-block-paragraph">Hinweispflicht nach Art. 13 / 14 der EU-DSGVO</p>

        </div>
    </div>
</section>



<section style="padding-top:var(--wp--preset--spacing--32-32);padding-bottom:var(--wp--preset--spacing--32-32)" class="wp-block-lb-section-text-gutenberg">
    <div class="container">
        <div class="section__body">
            

<h2 class="wp-block-heading">Angaben zum Verantwortlichen</h2>



<p class="wp-block-paragraph"><strong>Verantwortlicher gemäß Artikel 4 Abs. 7 EU-DSGVO</strong></p>



<p class="wp-block-paragraph">Avento Personal GmbH, Chemnitzer Straße 36, 09247 Chemnitz</p>



<p class="wp-block-paragraph"><strong>Datenschutzbeauftragter</strong></p>



<p class="wp-block-paragraph">Mirko Tasch, 08142-420 50 10,&nbsp;<a href="https://www.wackler-group.de/hinweispflichten/kommunikation-mit-interessenten-/-kunden/#" target="_blank" rel="noreferrer noopener">datenschutz(@)wackler-group(.)de</a></p>

        </div>
    </div>
</section>



<section style="padding-top:var(--wp--preset--spacing--32-32);padding-bottom:var(--wp--preset--spacing--32-32)" class="wp-block-lb-section-text-gutenberg">
    <div class="container">
        <div class="section__body">
            

<h2 class="wp-block-heading"><strong>Zweck und Rechtsgrundlage</strong></h2>



<p class="wp-block-paragraph"><strong>Zweck der Verarbeitung</strong><br>Wir geben Ihre in unserem Bewerbermanagementsystem (talent360) gespeicherten Bewerbungs- und Profildaten nicht anonymisiert (mit Klarnamen) an ausgewählte Kundenunternehmen weiter, wenn dies zur Personalvermittlung und/oder Arbeitnehmerüberlassung erforderlich ist.<br>Zweck der Weitergabe ist insbesondere:</p>



<ul style="margin-bottom:var(--wp--preset--spacing--0)" class="wp-block-list">
<li>Prüfung Ihrer Eignung für eine konkrete Position bzw. einen konkreten Einsatz beim Kunden,</li>



<li>Durchführung des Auswahlprozesses (z. B. Rückfragen, Interviews, Abstimmung von Rahmenbedingungen),</li>



<li>Vorbereitung einer Vermittlung oder eines Einsatzes (Einsatzplanung, Vertragsvorbereitung).</li>
</ul>



<p class="wp-block-paragraph">Die Weitergabe erfolgt nur im erforderlichen Umfang (Datenminimierung).</p>



<p class="wp-block-paragraph"><strong>Rechtsgrundlage der Verarbeitung</strong></p>



<ul class="wp-block-list">
<li>1) Weitergabe zur Durchführung vorvertraglicher Maßnahmen / Auswahlprozess
<ul class="wp-block-list">
<li>Art. 6 Abs. 1 lit. b EU-DSGVO (vorvertragliche Maßnahmen) i. V. m. § 26 Abs. 1 BDSG (Bewerbungsverfahren/Beschäftigungskontext), soweit die Weitergabe notwendig ist, um eine Vermittlung oder einen Einsatz (ANÜ) anzubahnen und den Auswahlprozess mit dem Kunden zu ermöglichen.</li>
</ul>
</li>



<li>2) Einwilligung (Profilfreigabe), soweit erforderlich oder von uns als Standard genutzt
<ul class="wp-block-list">
<li>Art. 6 Abs. 1 lit. a EU-DSGVO (Einwilligung), insbesondere wenn
<ul class="wp-block-list">
<li>eine Weitergabe über den unmittelbar erforderlichen Kreis hinaus erfolgt,</li>



<li>Unterlagen/Informationen übermittelt werden sollen, die über das Erforderliche hinausgehen, oder</li>



<li>Sie der Weitergabe Ihres Profils an einen konkreten Kunden ausdrücklich zustimmen („Profilfreigabe“).</li>
</ul>
</li>
</ul>
</li>



<li>Widerruf: Eine Einwilligung kann jederzeit mit Wirkung für die Zukunft widerrufen werden.</li>
</ul>



<p class="wp-block-paragraph"><strong>Herkunft der Daten</strong><br>Erhoben beim Betroffenen bzw. Einspielung aus anderen Bewerbungssystemen (z.B. Indeed), wo sich der Betroffene auf eine Anzeige des Verantwortlichen beworben hat.</p>

        </div>
    </div>
</section>



<section style="padding-top:var(--wp--preset--spacing--32-32);padding-bottom:var(--wp--preset--spacing--32-32)" class="wp-block-lb-section-text-gutenberg">
    <div class="container">
        <div class="section__body">
            

<h2 class="wp-block-heading">Datenkategorien, betroffene Personengruppen, Empfänger, Auslandstransfer</h2>



<p class="wp-block-paragraph"><strong>Datenkategorien</strong></p>



<ul style="margin-bottom:var(--wp--preset--spacing--0)" class="wp-block-list">
<li>Identifikations- und Kontaktdaten:&nbsp;Name, E-Mail, Telefonnummer, ggf. Wohnort/Region (Adresse nur, wenn erforderlich)</li>



<li>Bewerbungsunterlagen:&nbsp;Lebenslauf, Anschreiben, Zeugnisse, Zertifikate, Qualifikationen</li>



<li>Profildaten:&nbsp;Berufserfahrung, Skills, Einsatzwünsche, Verfügbarkeit, Eintrittstermin, Rahmenbedingungen</li>



<li>Konditionen:&nbsp;Einsatzdauer, Arbeitszeitmodelle</li>



<li>Prozessdaten:&nbsp;Interviewtermine, ggf. Gesprächsergebnisse/Notizen&nbsp;nur, soweit für den Auswahlprozess erforderlich</li>
</ul>



<p class="wp-block-paragraph">Wir achten darauf, keine für die Entscheidung nicht erforderlichen Informationen zu übermitteln.</p>



<p class="wp-block-paragraph"><strong>Betroffene Personengruppen</strong><br>Kandidaten / Bewerber / Mitarbeiter</p>



<p class="wp-block-paragraph"><strong>Empfänger von Daten</strong><br>Empfänger sind Kundenunternehmen, bei denen eine Vermittlung oder ein Einsatz erfolgen soll, sowie die Wackler Holding SE als Dienstleister (talent360) für den Verantwortlichen.<br>Auf Anfrage teilen wir Ihnen gerne mit, an welche konkreten Kunden Ihre Daten übermittelt wurden.<br>Wichtig:&nbsp;Das jeweilige Kundenunternehmen verarbeitet Ihre Daten als eigenständig Verantwortlicher (Art. 4 Nr. 7 EU-DSGVO) im Rahmen seines eigenen Auswahlprozesses.</p>



<p class="wp-block-paragraph"><strong>Auslandstransfer</strong><br>Es findet in der Regel kein Transfer von Daten außerhalb&nbsp;der EU statt. Ggf. werden SaaS- / Cloud-Lösungen von&nbsp;US-Dienstleistern beim Verantwortlichen eingesetzt.<br>Mit diesen Dienstleistern bestehen entsprechende&nbsp;vertragliche Regelungen wie die EU-Standard-Vertragsklauseln.</p>

        </div>
    </div>
</section>



<section style="padding-top:var(--wp--preset--spacing--32-32)" class="wp-block-lb-section-text-gutenberg">
    <div class="container">
        <div class="section__body">
            

<h2 class="wp-block-heading">Zusätzliche Informationen</h2>



<p class="wp-block-paragraph"><strong>Dauer der Speicherung</strong><br>Wir speichern Ihre Daten in talent360:</p>



<ul style="margin-bottom:var(--wp--preset--spacing--0)" class="wp-block-list">
<li>für die Dauer des Auswahlprozesses und</li>



<li>nach Abschluss grundsätzlich bis zu&nbsp;6 Monate&nbsp;(insbesondere Nachweis-/Verteidigungszwecke, z. B. AGG), sofern keine längere Speicherung erforderlich ist oder Sie einer längeren Speicherung (z. B. Talentpool) eingewilligt haben.</li>



<li>Speicherung von Mitarbeiterdaten erfolgt so lange ein Arbeitsverhältnis besteht.</li>
</ul>



<p class="wp-block-paragraph">Beim Kunden:<br>Für die Speicherdauer beim Kunden ist das jeweilige Kundenunternehmen verantwortlich. Sie können Ihre Rechte auch direkt beim Kunden geltend machen.</p>



<p class="wp-block-paragraph"><strong>Recht auf Auskunft, Berichtigung, Löschung, Einschränkung, Datenübertragbarkeit</strong><br>Sie haben jederzeit das Recht Ihre Betroffenenrechte gegenüber dem Verantwortlichen wahrzunehmen.</p>



<p class="wp-block-paragraph"><strong>Recht auf Widerspruch / Widerruf</strong><br>Sie können jederzeit der Verarbeitung Ihrer Daten widersprechen bzw. bei einer Einwilligung diese widerrufen. Bitte senden Sie eine E-Mail an: datenschutz@wackler-group.de</p>



<p class="wp-block-paragraph"><strong>Beschwerde bei einer Aufsichtsbehörde</strong><br>Sie haben jederzeit das Recht eine Beschwerde bei einer Aufsichtsbehörde für den Datenschutz einzureichen.</p>



<p class="wp-block-paragraph"><strong>Mögliche Folgen der Nicht-Bereitstellung der Daten.</strong><br>Das Zustandekommen des Vertrages steht unter der aufschiebenden Bedingung der Bereitstellung der personenbezogenen Daten für die Durchführung des Vertrages.</p>



<p class="wp-block-paragraph"><strong>Bestehen einer automatisierten Entscheidungsfindung, einschließlich Profiling gemäß Art. 22 Abs. 1, 4:</strong><br>Es findet keine ausschließlich automatisierte Entschei-dungsfindung im Sinne des Art. 22 EU-DSGVO statt. Entscheidungen werden durch Personen getroffen.</p>

        </div>
    </div>
</section>
