{"id":684,"date":"2026-07-27T12:12:00","date_gmt":"2026-07-27T12:12:00","guid":{"rendered":"https:\/\/holding.wackler.dev.lichtblick.io\/?page_id=684"},"modified":"2026-07-28T14:06:10","modified_gmt":"2026-07-28T14:06:10","slug":"beschaeftigungsverhaeltnis","status":"publish","type":"page","link":"https:\/\/www.wackler-group.de\/holding\/hinweispflichten\/beschaeftigungsverhaeltnis\/","title":{"rendered":"Besch\u00e4ftigungsverh\u00e4ltnis"},"content":{"rendered":"\n<section style=\"padding-bottom:var(--wp--preset--spacing--48-48)\" class=\"wp-block-lb-section-text-gutenberg\">\n    <div class=\"container\">\n        <div class=\"section__body\">\n            \n\n<h1 class=\"wp-block-heading\">Hinweispflicht &#8211; Besch\u00e4ftigungsverh\u00e4ltnis<\/h1>\n\n\n\n<p class=\"has-subline-m-font-size wp-block-paragraph\">Informationspflicht bei der Erhebung von personenbezogenen Daten bei der betroffenen Person (Art. 13 der EU-DSGVO).<\/p>\n\n        <\/div>\n    <\/div>\n<\/section>\n\n\n\n<section style=\"padding-top:var(--wp--preset--spacing--32-32);padding-bottom:var(--wp--preset--spacing--32-32)\" class=\"wp-block-lb-section-text-gutenberg\">\n    <div class=\"container\">\n        <div class=\"section__body\">\n            \n\n<h2 class=\"wp-block-heading\">Angaben zum Verantwortlichen<\/h2>\n\n\n\n<p class=\"wp-block-paragraph\"><strong>Verantwortlicher gem\u00e4\u00df Artikel 4 Abs. 7 EU-DSGVO<\/strong><\/p>\n\n\n\n<p class=\"wp-block-paragraph\">Wackler Holding SE, Schatzbogen 39, 81829 M\u00fcnchen<\/p>\n\n\n\n<p class=\"wp-block-paragraph\">Datenschutzbeauftragter<\/p>\n\n\n\n<p class=\"wp-block-paragraph\">Mirko Tasch, 08142-420 50 10,&nbsp;<a href=\"https:\/\/www.wackler-group.de\/hinweispflichten\/kommunikation-mit-interessenten-\/-kunden\/#\" target=\"_blank\" rel=\"noreferrer noopener\">datenschutz(@)wackler-group(.)de<\/a><\/p>\n\n        <\/div>\n    <\/div>\n<\/section>\n\n\n\n<section style=\"padding-top:var(--wp--preset--spacing--32-32);padding-bottom:var(--wp--preset--spacing--32-32)\" class=\"wp-block-lb-section-text-gutenberg\">\n    <div class=\"container\">\n        <div class=\"section__body\">\n            \n\n<h2 class=\"wp-block-heading\">Zweck und Rechtsgrundlage<\/h2>\n\n\n\n<p class=\"wp-block-paragraph\"><strong>Zweck der Verarbeitung<\/strong><br>Durchf\u00fchrung Besch\u00e4ftigungsverh\u00e4ltnis, Erf\u00fcllung vertraglicher und gesetzlicher Pflichten gg\u00fc. Besch\u00e4ftigten, Sozialversicherungstr\u00e4gern, \u00f6ffentlichen Stellen<\/p>\n\n\n\n<p class=\"wp-block-paragraph\"><strong>Rechtsgrundlage<\/strong><br>Arbeitsvertrag; gesetzliche Regelungen, welche die Durchf\u00fchrung des Arbeitsverh\u00e4ltnisses betreffen wie zum Beispiel das SGB<\/p>\n\n        <\/div>\n    <\/div>\n<\/section>\n\n\n\n<section style=\"padding-top:var(--wp--preset--spacing--32-32);padding-bottom:var(--wp--preset--spacing--32-32)\" class=\"wp-block-lb-section-text-gutenberg\">\n    <div class=\"container\">\n        <div class=\"section__body\">\n            \n\n<h2 class=\"wp-block-heading\">Datenkategorien, betroffene Personengruppen, Empf\u00e4nger, Ausland<\/h2>\n\n\n\n<p class=\"wp-block-paragraph\"><strong>Datenkategorien<\/strong><br>Name, Vorname, Adressdaten, Geburtsdatum, Bankverbindung, Familienstand (Lohnsteuerklasse)<br>Besondere Arten pbD: Religionszugeh\u00f6rigkeit, Gesundheitsdaten, (Krankmeldungen, Schwerbehinderung, etc.)<\/p>\n\n\n\n<p class=\"wp-block-paragraph\"><strong>Betroffene Personengruppen<\/strong><br>Angestellte, freie Mitarbeiter<\/p>\n\n\n\n<p class=\"wp-block-paragraph\"><strong>Empf\u00e4nger<\/strong><br>Intern: Personalabteilung, Buchhaltung, Vorgesetzte<br>Extern: \u00f6ffentliche Stellen, Sozialversicherungstr\u00e4ger, Finanzbeh\u00f6rden<br>Private Stellen: Wackler Holding SE und ihre Tochterunternehmen<\/p>\n\n\n\n<p class=\"wp-block-paragraph\"><strong>Ausland<\/strong><br>Es findet keine Speicherung der Daten im Ausland statt.<\/p>\n\n        <\/div>\n    <\/div>\n<\/section>\n\n\n\n<section style=\"padding-top:var(--wp--preset--spacing--32-32)\" class=\"wp-block-lb-section-text-gutenberg\">\n    <div class=\"container\">\n        <div class=\"section__body\">\n            \n\n<h2 class=\"wp-block-heading\">Zus\u00e4tzliche Informationen<\/h2>\n\n\n\n<p class=\"wp-block-paragraph\"><strong>Dauer der Speicherung<\/strong><br>Die Speicherung erlischt mit dem Ende des Arbeitsverh\u00e4ltnisses, soweit keine gesetzlichen Regelungen dagegenstehen.<\/p>\n\n\n\n<p class=\"wp-block-paragraph\"><strong>Recht auf Auskunft, Berichtigung, L\u00f6schung, Einschr\u00e4nkung, Daten\u00fcbertragbarkeit<\/strong><br>Sie haben jederzeit das Recht Ihre Betroffenen-Rechte gegen\u00fcber dem Verantwortlichen wahrzunehmen.<\/p>\n\n\n\n<p class=\"wp-block-paragraph\"><strong>Recht auf Widerspruch \/ Widerruf<\/strong><br>Sie haben das Recht jederzeit eine Beschwerde bei einer Aufsichtsbeh\u00f6rde einzureichen.<br>Ihre zust\u00e4ndige Aufsichtsbeh\u00f6rde finden Sie unter:&nbsp;<a href=\"https:\/\/bit.ly\/3m5YwWx\" target=\"_blank\" rel=\"noopener\">https:\/\/bit.ly\/3m5YwWx<\/a><\/p>\n\n\n\n<p class=\"wp-block-paragraph\"><strong>Beschwerde bei einer Aufsichtsbeh\u00f6rde<\/strong><br>Sie haben das Recht jederzeit eine Beschwerde bei einer Aufsichtsbeh\u00f6rde einzureichen.<\/p>\n\n\n\n<p class=\"wp-block-paragraph\"><strong>M\u00f6gliche Folgen der Nicht-Bereitstellung<\/strong>\u2028<br>Das Zustandekommen des Vertrages steht unter der aufschiebenden Bedingung der Bereitstellung der personenbezogenen Daten f\u00fcr die Durchf\u00fchrung des Vertrages.<\/p>\n\n        <\/div>\n    <\/div>\n<\/section>\n","protected":false},"excerpt":{"rendered":"","protected":false},"author":1,"featured_media":0,"parent":457,"menu_order":0,"comment_status":"closed","ping_status":"closed","template":"template-privacy","meta":{"_acf_changed":false,"footnotes":""},"class_list":["post-684","page","type-page","status-publish","hentry"],"acf":[],"ase":null,"_links":{"self":[{"href":"https:\/\/www.wackler-group.de\/holding\/wp-json\/wp\/v2\/pages\/684","targetHints":{"allow":["GET"]}}],"collection":[{"href":"https:\/\/www.wackler-group.de\/holding\/wp-json\/wp\/v2\/pages"}],"about":[{"href":"https:\/\/www.wackler-group.de\/holding\/wp-json\/wp\/v2\/types\/page"}],"author":[{"embeddable":true,"href":"https:\/\/www.wackler-group.de\/holding\/wp-json\/wp\/v2\/users\/1"}],"replies":[{"embeddable":true,"href":"https:\/\/www.wackler-group.de\/holding\/wp-json\/wp\/v2\/comments?post=684"}],"version-history":[{"count":0,"href":"https:\/\/www.wackler-group.de\/holding\/wp-json\/wp\/v2\/pages\/684\/revisions"}],"up":[{"embeddable":true,"href":"https:\/\/www.wackler-group.de\/holding\/wp-json\/wp\/v2\/pages\/457"}],"wp:attachment":[{"href":"https:\/\/www.wackler-group.de\/holding\/wp-json\/wp\/v2\/media?parent=684"}],"curies":[{"name":"wp","href":"https:\/\/api.w.org\/{rel}","templated":true}]}}

Beschäftigungsverhältnis

<section style="padding-bottom:var(--wp--preset--spacing--48-48)" class="wp-block-lb-section-text-gutenberg">
    <div class="container">
        <div class="section__body">
            

<h1 class="wp-block-heading">Hinweispflicht &#8211; Beschäftigungsverhältnis</h1>



<p class="has-subline-m-font-size wp-block-paragraph">Informationspflicht bei der Erhebung von personenbezogenen Daten bei der betroffenen Person (Art. 13 der EU-DSGVO).</p>

        </div>
    </div>
</section>



<section style="padding-top:var(--wp--preset--spacing--32-32);padding-bottom:var(--wp--preset--spacing--32-32)" class="wp-block-lb-section-text-gutenberg">
    <div class="container">
        <div class="section__body">
            

<h2 class="wp-block-heading">Angaben zum Verantwortlichen</h2>



<p class="wp-block-paragraph"><strong>Verantwortlicher gemäß Artikel 4 Abs. 7 EU-DSGVO</strong></p>



<p class="wp-block-paragraph">Wackler Holding SE, Schatzbogen 39, 81829 München</p>



<p class="wp-block-paragraph">Datenschutzbeauftragter</p>



<p class="wp-block-paragraph">Mirko Tasch, 08142-420 50 10,&nbsp;<a href="https://www.wackler-group.de/hinweispflichten/kommunikation-mit-interessenten-/-kunden/#" target="_blank" rel="noreferrer noopener">datenschutz(@)wackler-group(.)de</a></p>

        </div>
    </div>
</section>



<section style="padding-top:var(--wp--preset--spacing--32-32);padding-bottom:var(--wp--preset--spacing--32-32)" class="wp-block-lb-section-text-gutenberg">
    <div class="container">
        <div class="section__body">
            

<h2 class="wp-block-heading">Zweck und Rechtsgrundlage</h2>



<p class="wp-block-paragraph"><strong>Zweck der Verarbeitung</strong><br>Durchführung Beschäftigungsverhältnis, Erfüllung vertraglicher und gesetzlicher Pflichten ggü. Beschäftigten, Sozialversicherungsträgern, öffentlichen Stellen</p>



<p class="wp-block-paragraph"><strong>Rechtsgrundlage</strong><br>Arbeitsvertrag; gesetzliche Regelungen, welche die Durchführung des Arbeitsverhältnisses betreffen wie zum Beispiel das SGB</p>

        </div>
    </div>
</section>



<section style="padding-top:var(--wp--preset--spacing--32-32);padding-bottom:var(--wp--preset--spacing--32-32)" class="wp-block-lb-section-text-gutenberg">
    <div class="container">
        <div class="section__body">
            

<h2 class="wp-block-heading">Datenkategorien, betroffene Personengruppen, Empfänger, Ausland</h2>



<p class="wp-block-paragraph"><strong>Datenkategorien</strong><br>Name, Vorname, Adressdaten, Geburtsdatum, Bankverbindung, Familienstand (Lohnsteuerklasse)<br>Besondere Arten pbD: Religionszugehörigkeit, Gesundheitsdaten, (Krankmeldungen, Schwerbehinderung, etc.)</p>



<p class="wp-block-paragraph"><strong>Betroffene Personengruppen</strong><br>Angestellte, freie Mitarbeiter</p>



<p class="wp-block-paragraph"><strong>Empfänger</strong><br>Intern: Personalabteilung, Buchhaltung, Vorgesetzte<br>Extern: öffentliche Stellen, Sozialversicherungsträger, Finanzbehörden<br>Private Stellen: Wackler Holding SE und ihre Tochterunternehmen</p>



<p class="wp-block-paragraph"><strong>Ausland</strong><br>Es findet keine Speicherung der Daten im Ausland statt.</p>

        </div>
    </div>
</section>



<section style="padding-top:var(--wp--preset--spacing--32-32)" class="wp-block-lb-section-text-gutenberg">
    <div class="container">
        <div class="section__body">
            

<h2 class="wp-block-heading">Zusätzliche Informationen</h2>



<p class="wp-block-paragraph"><strong>Dauer der Speicherung</strong><br>Die Speicherung erlischt mit dem Ende des Arbeitsverhältnisses, soweit keine gesetzlichen Regelungen dagegenstehen.</p>



<p class="wp-block-paragraph"><strong>Recht auf Auskunft, Berichtigung, Löschung, Einschränkung, Datenübertragbarkeit</strong><br>Sie haben jederzeit das Recht Ihre Betroffenen-Rechte gegenüber dem Verantwortlichen wahrzunehmen.</p>



<p class="wp-block-paragraph"><strong>Recht auf Widerspruch / Widerruf</strong><br>Sie haben das Recht jederzeit eine Beschwerde bei einer Aufsichtsbehörde einzureichen.<br>Ihre zuständige Aufsichtsbehörde finden Sie unter:&nbsp;<a href="https://bit.ly/3m5YwWx" target="_blank" rel="noopener">https://bit.ly/3m5YwWx</a></p>



<p class="wp-block-paragraph"><strong>Beschwerde bei einer Aufsichtsbehörde</strong><br>Sie haben das Recht jederzeit eine Beschwerde bei einer Aufsichtsbehörde einzureichen.</p>



<p class="wp-block-paragraph"><strong>Mögliche Folgen der Nicht-Bereitstellung</strong> <br>Das Zustandekommen des Vertrages steht unter der aufschiebenden Bedingung der Bereitstellung der personenbezogenen Daten für die Durchführung des Vertrages.</p>

        </div>
    </div>
</section>
