{"id":675,"date":"2026-07-27T12:04:21","date_gmt":"2026-07-27T12:04:21","guid":{"rendered":"https:\/\/holding.wackler.dev.lichtblick.io\/?page_id=675"},"modified":"2026-07-28T14:47:11","modified_gmt":"2026-07-28T14:47:11","slug":"veroeffentlichung-mitarbeiterfotos","status":"publish","type":"page","link":"https:\/\/www.wackler-group.de\/holding\/hinweispflichten\/veroeffentlichung-mitarbeiterfotos\/","title":{"rendered":"Ver\u00f6ffentlichung von Mitarbeiter-Fotos"},"content":{"rendered":"\n<section style=\"padding-bottom:var(--wp--preset--spacing--48-48)\" class=\"wp-block-lb-section-text-gutenberg\">\n    <div class=\"container\">\n        <div class=\"section__body\">\n            \n\n<h1 class=\"wp-block-heading\">Hinweispflicht &#8211; Einwilligung zur Ver\u00f6ffentlichung von Fotos von Mitarbeitern der Wackler Holding SE und deren Tochterunternehmen<\/h1>\n\n\n\n<p class=\"has-subline-m-font-size wp-block-paragraph\">Informationspflicht bei der Erhebung von personenbezogenen Daten bei der betroffenen Person (Art. 13 der EU-DSGVO).<\/p>\n\n        <\/div>\n    <\/div>\n<\/section>\n\n\n\n<section style=\"padding-top:var(--wp--preset--spacing--32-32);padding-bottom:var(--wp--preset--spacing--32-32)\" class=\"wp-block-lb-section-text-gutenberg\">\n    <div class=\"container\">\n        <div class=\"section__body\">\n            \n\n<h2 class=\"wp-block-heading\">Angaben zum Verantwortlichen<\/h2>\n\n\n\n<p class=\"wp-block-paragraph\"><strong>Verantwortlicher gem\u00e4\u00df Art. 4 Abs. 7 EU-DSGVO \/<br>Vertreter gem\u00e4\u00df Art. 4 Abs. 17 EU-DSGVO<\/strong><\/p>\n\n\n\n<p class=\"wp-block-paragraph\">Wackler Holding SE<br>Schatzbogen 39<br>81829 M\u00fcnchen<br>E-Mail: <a href=\"mailto:service@wackler-group.de\">service(@)wackler-group(.)de<\/a><br><br>Vertretungsberechtigter Vorstand: Peter Blenke<br><br>Aufsichtsratsvorsitzender: Friedrich P. Wackler<\/p>\n\n\n\n<p class=\"wp-block-paragraph\">Datenschutzbeauftragter<\/p>\n\n\n\n<p class=\"wp-block-paragraph\">Mirko Tasch, 08142-420 50 10,&nbsp;<a href=\"https:\/\/www.wackler-group.de\/hinweispflichten\/kommunikation-mit-interessenten-\/-kunden\/#\" target=\"_blank\" rel=\"noreferrer noopener\">datenschutz(@)wackler-group(.)de<\/a><\/p>\n\n        <\/div>\n    <\/div>\n<\/section>\n\n\n\n<section style=\"padding-top:var(--wp--preset--spacing--32-32);padding-bottom:var(--wp--preset--spacing--32-32)\" class=\"wp-block-lb-section-text-gutenberg\">\n    <div class=\"container\">\n        <div class=\"section__body\">\n            \n\n<h2 class=\"wp-block-heading\">Zweck und Rechtsgrundlage<\/h2>\n\n\n\n<p class=\"wp-block-paragraph\"><strong>Zweck der Verarbeitung<\/strong><br>Darstellung des Unternehmens nach au\u00dfen, hier f\u00fcr Internet und Intranet\/digitale Visitenkarte, gedruckte Werbematerialien<\/p>\n\n\n\n<p class=\"wp-block-paragraph\"><strong>Rechtsgrundlage<\/strong><br>Art. 6 Abs. 1a &#8211; Einwilligung des Betroffenen<\/p>\n\n        <\/div>\n    <\/div>\n<\/section>\n\n\n\n<section style=\"padding-top:var(--wp--preset--spacing--32-32);padding-bottom:var(--wp--preset--spacing--32-32)\" class=\"wp-block-lb-section-text-gutenberg\">\n    <div class=\"container\">\n        <div class=\"section__body\">\n            \n\n<h2 class=\"wp-block-heading\">Datenkategorien, betroffene Personengruppen, Empf\u00e4nger, Ausland<\/h2>\n\n\n\n<p class=\"wp-block-paragraph\"><strong>Datenkategorien<\/strong><br>Name des Betroffenen, Fotoaufnahmen, ggf. dienst. Email, ggf. dienst. Telefonnummer<\/p>\n\n\n\n<p class=\"wp-block-paragraph\"><strong>Betroffene Personengruppen<\/strong><br>Mitarbeiter<\/p>\n\n\n\n<p class=\"wp-block-paragraph\"><strong>Empf\u00e4nger<\/strong><br>Besucher des Webportales des Unternehmens bzw. Benutzer des Intranets; Wackler Group SE und ihre Unternehmen, Empf\u00e4nger von Werbematerialien<\/p>\n\n\n\n<p class=\"wp-block-paragraph\"><strong>Ausland<\/strong><br>Es findet keine Speicherung der Daten&nbsp;im Ausland statt.&nbsp;Der Webauftritt ist jedoch international erreichbar, so dass eine \u00dcbertragung in ein Drittland nicht verhindert werden kann<\/p>\n\n        <\/div>\n    <\/div>\n<\/section>\n\n\n\n<section style=\"padding-top:var(--wp--preset--spacing--32-32)\" class=\"wp-block-lb-section-text-gutenberg\">\n    <div class=\"container\">\n        <div class=\"section__body\">\n            \n\n<h2 class=\"wp-block-heading\">Zus\u00e4tzliche Informationen<\/h2>\n\n\n\n<p class=\"wp-block-paragraph\"><strong>Dauer der Speicherung<\/strong><br>Die Speicherung erlischt mit dem Widerruf der jeweiligen Einwilligung. Angaben und Fotos in bereits gedruckten Werbematerialien bleiben erhalten, werden aber f\u00fcr weitere Zwecke und Drucke nicht mehr weiterverwendet.<\/p>\n\n\n\n<p class=\"wp-block-paragraph\"><strong>Recht auf Auskunft, Berichtigung, L\u00f6schung, Einschr\u00e4nkung, Daten\u00fcbertragbarkeit<\/strong><br>Sie haben jederzeit das Recht Ihre Betroffenen-Rechte gegen\u00fcber dem Verantwortlichen wahrzunehmen.<\/p>\n\n\n\n<p class=\"wp-block-paragraph\"><strong>Recht auf Widerspruch \/ Widerruf<\/strong><br>Sie k\u00f6nnen jederzeit die Einwilligung widerrufen. Bitte senden Sie dazu eine E-Mail an: <a href=\"mailto:mitarbeiter-betroffenenrechte@Wackler-Group.de\">Mitarbeiter-Betroffenenrechte@Wackler-Group.de<\/a><\/p>\n\n\n\n<p class=\"wp-block-paragraph\"><strong>Beschwerde bei einer Aufsichtsbeh\u00f6rde<\/strong><br>Sie haben das Recht jederzeit eine Beschwerde bei einer Aufsichtsbeh\u00f6rde einzureichen.<\/p>\n\n\n\n<p class=\"wp-block-paragraph\"><strong>M\u00f6gliche<\/strong><br>Folgen der Nicht-Bereitstellung\u2028Die Nichteinwilligung hat keine Auswirkung bzw. Folgen f\u00fcr den Betroffenen.<\/p>\n\n\n\n<p class=\"wp-block-paragraph\"><strong>Profiling<\/strong><br>Es findet keine ausschlie\u00dflich automatisierte Entscheidungsfindung oder ein Profiling im Sinne des Artikel 22 EU-DSGVO statt.<\/p>\n\n        <\/div>\n    <\/div>\n<\/section>\n","protected":false},"excerpt":{"rendered":"","protected":false},"author":1,"featured_media":0,"parent":457,"menu_order":0,"comment_status":"closed","ping_status":"closed","template":"template-privacy","meta":{"_acf_changed":false,"footnotes":""},"class_list":["post-675","page","type-page","status-publish","hentry"],"acf":[],"ase":null,"_links":{"self":[{"href":"https:\/\/www.wackler-group.de\/holding\/wp-json\/wp\/v2\/pages\/675","targetHints":{"allow":["GET"]}}],"collection":[{"href":"https:\/\/www.wackler-group.de\/holding\/wp-json\/wp\/v2\/pages"}],"about":[{"href":"https:\/\/www.wackler-group.de\/holding\/wp-json\/wp\/v2\/types\/page"}],"author":[{"embeddable":true,"href":"https:\/\/www.wackler-group.de\/holding\/wp-json\/wp\/v2\/users\/1"}],"replies":[{"embeddable":true,"href":"https:\/\/www.wackler-group.de\/holding\/wp-json\/wp\/v2\/comments?post=675"}],"version-history":[{"count":0,"href":"https:\/\/www.wackler-group.de\/holding\/wp-json\/wp\/v2\/pages\/675\/revisions"}],"up":[{"embeddable":true,"href":"https:\/\/www.wackler-group.de\/holding\/wp-json\/wp\/v2\/pages\/457"}],"wp:attachment":[{"href":"https:\/\/www.wackler-group.de\/holding\/wp-json\/wp\/v2\/media?parent=675"}],"curies":[{"name":"wp","href":"https:\/\/api.w.org\/{rel}","templated":true}]}}

Veröffentlichung von Mitarbeiter-Fotos

<section style="padding-bottom:var(--wp--preset--spacing--48-48)" class="wp-block-lb-section-text-gutenberg">
    <div class="container">
        <div class="section__body">
            

<h1 class="wp-block-heading">Hinweispflicht &#8211; Einwilligung zur Veröffentlichung von Fotos von Mitarbeitern der Wackler Holding SE und deren Tochterunternehmen</h1>



<p class="has-subline-m-font-size wp-block-paragraph">Informationspflicht bei der Erhebung von personenbezogenen Daten bei der betroffenen Person (Art. 13 der EU-DSGVO).</p>

        </div>
    </div>
</section>



<section style="padding-top:var(--wp--preset--spacing--32-32);padding-bottom:var(--wp--preset--spacing--32-32)" class="wp-block-lb-section-text-gutenberg">
    <div class="container">
        <div class="section__body">
            

<h2 class="wp-block-heading">Angaben zum Verantwortlichen</h2>



<p class="wp-block-paragraph"><strong>Verantwortlicher gemäß Art. 4 Abs. 7 EU-DSGVO /<br>Vertreter gemäß Art. 4 Abs. 17 EU-DSGVO</strong></p>



<p class="wp-block-paragraph">Wackler Holding SE<br>Schatzbogen 39<br>81829 München<br>E-Mail: <a href="mailto:service@wackler-group.de">service(@)wackler-group(.)de</a><br><br>Vertretungsberechtigter Vorstand: Peter Blenke<br><br>Aufsichtsratsvorsitzender: Friedrich P. Wackler</p>



<p class="wp-block-paragraph">Datenschutzbeauftragter</p>



<p class="wp-block-paragraph">Mirko Tasch, 08142-420 50 10,&nbsp;<a href="https://www.wackler-group.de/hinweispflichten/kommunikation-mit-interessenten-/-kunden/#" target="_blank" rel="noreferrer noopener">datenschutz(@)wackler-group(.)de</a></p>

        </div>
    </div>
</section>



<section style="padding-top:var(--wp--preset--spacing--32-32);padding-bottom:var(--wp--preset--spacing--32-32)" class="wp-block-lb-section-text-gutenberg">
    <div class="container">
        <div class="section__body">
            

<h2 class="wp-block-heading">Zweck und Rechtsgrundlage</h2>



<p class="wp-block-paragraph"><strong>Zweck der Verarbeitung</strong><br>Darstellung des Unternehmens nach außen, hier für Internet und Intranet/digitale Visitenkarte, gedruckte Werbematerialien</p>



<p class="wp-block-paragraph"><strong>Rechtsgrundlage</strong><br>Art. 6 Abs. 1a &#8211; Einwilligung des Betroffenen</p>

        </div>
    </div>
</section>



<section style="padding-top:var(--wp--preset--spacing--32-32);padding-bottom:var(--wp--preset--spacing--32-32)" class="wp-block-lb-section-text-gutenberg">
    <div class="container">
        <div class="section__body">
            

<h2 class="wp-block-heading">Datenkategorien, betroffene Personengruppen, Empfänger, Ausland</h2>



<p class="wp-block-paragraph"><strong>Datenkategorien</strong><br>Name des Betroffenen, Fotoaufnahmen, ggf. dienst. Email, ggf. dienst. Telefonnummer</p>



<p class="wp-block-paragraph"><strong>Betroffene Personengruppen</strong><br>Mitarbeiter</p>



<p class="wp-block-paragraph"><strong>Empfänger</strong><br>Besucher des Webportales des Unternehmens bzw. Benutzer des Intranets; Wackler Group SE und ihre Unternehmen, Empfänger von Werbematerialien</p>



<p class="wp-block-paragraph"><strong>Ausland</strong><br>Es findet keine Speicherung der Daten&nbsp;im Ausland statt.&nbsp;Der Webauftritt ist jedoch international erreichbar, so dass eine Übertragung in ein Drittland nicht verhindert werden kann</p>

        </div>
    </div>
</section>



<section style="padding-top:var(--wp--preset--spacing--32-32)" class="wp-block-lb-section-text-gutenberg">
    <div class="container">
        <div class="section__body">
            

<h2 class="wp-block-heading">Zusätzliche Informationen</h2>



<p class="wp-block-paragraph"><strong>Dauer der Speicherung</strong><br>Die Speicherung erlischt mit dem Widerruf der jeweiligen Einwilligung. Angaben und Fotos in bereits gedruckten Werbematerialien bleiben erhalten, werden aber für weitere Zwecke und Drucke nicht mehr weiterverwendet.</p>



<p class="wp-block-paragraph"><strong>Recht auf Auskunft, Berichtigung, Löschung, Einschränkung, Datenübertragbarkeit</strong><br>Sie haben jederzeit das Recht Ihre Betroffenen-Rechte gegenüber dem Verantwortlichen wahrzunehmen.</p>



<p class="wp-block-paragraph"><strong>Recht auf Widerspruch / Widerruf</strong><br>Sie können jederzeit die Einwilligung widerrufen. Bitte senden Sie dazu eine E-Mail an: <a href="mailto:mitarbeiter-betroffenenrechte@Wackler-Group.de">Mitarbeiter-Betroffenenrechte@Wackler-Group.de</a></p>



<p class="wp-block-paragraph"><strong>Beschwerde bei einer Aufsichtsbehörde</strong><br>Sie haben das Recht jederzeit eine Beschwerde bei einer Aufsichtsbehörde einzureichen.</p>



<p class="wp-block-paragraph"><strong>Mögliche</strong><br>Folgen der Nicht-Bereitstellung Die Nichteinwilligung hat keine Auswirkung bzw. Folgen für den Betroffenen.</p>



<p class="wp-block-paragraph"><strong>Profiling</strong><br>Es findet keine ausschließlich automatisierte Entscheidungsfindung oder ein Profiling im Sinne des Artikel 22 EU-DSGVO statt.</p>

        </div>
    </div>
</section>
